its digit of g?
8
Let l = -35 - -37. What is the units digit of l?
2
What is the units digit of (210/(-28))/((-1)/2)?
5
What is the units digit of (-4)/18 + (-4272)/(-27)?
8
Let r(k) = k**2 - 2*k - 45. What is the units digit of r(13)?
8
Let c(p) = -11*p. What is the units digit of c(-3)?
3
Let j(i) be the first derivative of i**3 + i**2/2 - 4*i + 3. Let c be j(-3). Let x = -12 + c. What is the units digit of x?
8
Let m be 2/10 + (-210)/50. Let y = m - -4. Suppose -4*v + 2 = -2*z - 16, y = 5*v + 2*z. What is the units digit of v?
2
Suppose -5*u = -5*s - 50, 2*s + 8 = u - 7. Let g(k) = -2 - 2 - 4*k + u*k - 3*k. What is the units digit of g(-6)?
8
Let g(a) = a**2 + a + 2. Let b = -3 + 3. Let q be g(b). Suppose -q*v + 6 = -4*z, -3*v - 2*z = -5*z - 21. What is the units digit of v?
1
Let h(k) = -12*k**3 + 2*k**2 + 3*k + 2. What is the units digit of h(-2)?
0
What is the units digit of ((-12)/(-14))/(((-34)/84)/(-17))?
6
Suppose -5*i = -3*i - 4*w - 6, w = 5*i - 6. Let l be ((-2)/(-6))/(i/(-39)). Let b = l - -18. What is the units digit of b?
5
Let h(n) = -n**2 - 8*n + 1. Let c(v) = v - 2. Let o be c(-4). What is the tens digit of h(o)?
1
Let r be 112/18 - (-6)/(-27). Let j = 8 - r. Suppose -j*c + c + 1 = 0. What is the units digit of c?
1
Let h(r) = -18*r**3 + r**2 - r - 1. Suppose 5*u + 20 = 15. What is the units digit of h(u)?
9
Let d(f) = 7*f**2 - 9*f - 2. Let p be d(3). Suppose -3*t = w - 16 - 51, -3*w = -2*t + 41. Let h = p - t. What is the units digit of h?
2
Suppose 5*m - 9 = z - 44, 5*m - 2*z = -40. Let f = m + 10. Suppose f*w - 3*w - 1 = 0. What is the units digit of w?
1
Let q = 40 + -82. What is the tens digit of 3/(-1) - q/2?
1
Suppose 4*s + 3*l - 309 = 0, 0 = -3*l - 2 - 1. What is the units digit of s?
8
Suppose -3*m - 4*i = 0, -m - 7 - 1 = 4*i. Suppose -m*o = -5*o - 5*x - 21, -x = 4. Let f = 5 - o. What is the units digit of f?
6
Suppose -3*d = -45 + 6. Let z be d*(-1 - -2 - -1). Suppose 4 + z = 3*v. What is the tens digit of v?
1
Let w = -62 - -82. What is the tens digit of w?
2
What is the units digit of 138/(-2 + 3 - -1)?
9
Let c(y) = -18*y - 2. What is the tens digit of c(-2)?
3
Suppose 0 = 5*d + 24 - 4. What is the units digit of (-1)/d - 255/(-20)?
3
Let d = 1 - -1. Let g be (2 - 1)/(-3 + d). Let z = g - -2. What is the units digit of z?
1
Suppose 0 = 3*a - 8*a + 205. What is the units digit of a?
1
Let h(l) be the second derivative of -l**3/6 + 3*l**2 + 2*l. What is the tens digit of h(-6)?
1
Suppose 0 = -3*i - 1 + 13. Suppose p - 2*h = 2*h + 27, 54 = 2*p + i*h. What is the tens digit of p?
2
Let z(a) = -a**2 - 14*a - 7. What is the units digit of z(-8)?
1
Suppose -3*t - 628 + 197 = -4*z, 2*t = -z + 105. What is the units digit of z?
7
Suppose 5*y + 4*z - 99 = 3*z, 0 = -2*y - z + 39. What is the tens digit of y?
2
Let j = 390 - 97. What is the units digit of j?
3
Let r(l) = 0*l - 2 + 14 - l. What is the units digit of r(11)?
1
Let l(v) = -2*v**3 - v**2. Let x be l(1). Let m be 18*(-5)/(-50)*5. What is the units digit of (-20)/(-3) - x/m?
7
Let h be 19 + (-2)/((-2)/3). Suppose 0 = -3*a + h + 2. What is the units digit of a?
8
Suppose 5*v - 125 = -3*h - h, 20 = 4*h. What is the tens digit of v?
2
Suppose -8*v = -1313 - 319. What is the units digit of v?
4
Let q be ((-15)/6)/5*-10. Let g be (-3)/(-15) + 14/q. Let x = g - 1. What is the units digit of x?
2
What is the units digit of (-15)/(-4) + (-27)/36?
3
Let d(n) = -n**3 - 7*n**2 + 2. Let y be d(-7). Let s = y + 10. What is the tens digit of s?
1
What is the units digit of ((-2)/4)/(12/(-864))?
6
Let i(o) = -o + 10. Let k be i(0). Suppose 0*r + r = k. What is the units digit of r?
0
Suppose 13 = 3*i - 2*d, 3*d + 2*d = 3*i - 19. Suppose -i*z = -13 - 11. Let v = -4 + z. What is the units digit of v?
4
Let s = 87 - 41. Let w = s - 22. What is the units digit of w?
4
Let z(b) = b**2 - 3*b + 4 - 4*b - 17. What is the units digit of z(9)?
5
Let l = 5 + -2. Suppose -w = -2 - l. Suppose -35 = -0*b - w*b. What is the units digit of b?
7
Let n(q) = -q**2 + 8*q - 8. Let z = 5 + -2. Suppose a - 4*t = 6, -z*a - t + 6*t = -18. What is the units digit of n(a)?
4
Let i(g) = g**2 + 8*g + 6. Let v = 8 + -13. Let h be i(v). Let a = h - -14. What is the units digit of a?
5
Let h be 3/(-6)*12/(-2). Let g = 2 - 0. Suppose 25 = g*l + h*l. What is the units digit of l?
5
Let l be ((-1)/2)/(1/(-6)). What is the units digit of (-1)/(-1) + l + -2?
2
Suppose 5*a - 28 = 4*a. What is the units digit of a?
8
Let y = 42 - 39. What is the units digit of y?
3
Let r(j) = -j**3 - 2*j**2 + 4*j + 4. Let n be r(-3). Suppose -5*i + 56 = n. What is the units digit of i?
1
Let m be (-8)/12*(-3)/1. Let k(n) = n. Let f(i) = 3*i**2 + 2*i - 3. Let b(j) = f(j) + k(j). What is the units digit of b(m)?
5
Suppose -3*b + 489 = -0*b. What is the hundreds digit of b?
1
Suppose -4*j = -3 - 5. Let o(d) = -3*d**3 + 2*d**3 + 4*d**j + 2 + 2 + d - 3. What is the tens digit of o(3)?
1
What is the units digit of (28/(-10))/((-1)/5)?
4
Suppose f = 2*g - 121, -6*g + 4*g = -3*f - 123. What is the tens digit of (g/(-8))/(1/(-2))?
1
What is the hundreds digit of 218/1 - (-4)/20*0?
2
Let s = -1 - 1. What is the units digit of (3*s)/(-7 - -5)?
3
What is the tens digit of ((-6)/4)/((-24)/1072)?
6
Let o(x) = -x**2 - 12*x - 9. Let w be o(-11). Suppose w*t = 5*j - 3*j + 32, -j - 48 = -3*t. What is the units digit of t?
6
Suppose 3 = 3*b, 3*b = -x - x + 9. Suppose 3*i - g = -2*i + 77, 0 = 2*i + x*g - 41. What is the units digit of i?
6
Suppose -10*p = -5*p - 565. What is the units digit of p?
3
Suppose 0 = -0*t - 2*t + 5*g, -2*t + 2*g = -6. Suppose 22 = -t*q - 2*f + 69, 35 = 5*q + 5*f. What is the tens digit of q?
1
Let b(t) = 6*t - 7. Let z(u) = -u - 1. Let o(n) = b(n) - 4*z(n). Let g(j) = j. Let c(a) = -5*g(a) + o(a). What is the units digit of c(2)?
7
Let q be 30/(-4)*8/(-3). Let p be -6 + 6 + (-1 - -4). Suppose q = -t + p*t. What is the tens digit of t?
1
Let m be 12 + (2 - 4) + 2. Let x be (-1)/4 - (-3)/m. Let l = x - -8. What is the units digit of l?
8
Let j(y) = 3 + 7*y + 5*y**2 + 0*y**3 + y**3 - 4*y. What is the units digit of j(-2)?
9
Suppose b - 5 = -2. Suppose 25 = b*j - 14. What is the tens digit of j?
1
Suppose -7*v - 5 = -2*v. What is the units digit of 11 - v - (-2 - -2)?
2
Let v(l) = 42*l**2 - 2*l + 1. What is the units digit of v(1)?
1
Let f(n) = 3*n**2 - 10*n + 3. What is the hundreds digit of f(9)?
1
Let k = 8 - 4. What is the units digit of (-7 - -16)/(6/k)?
6
Let t = -221 + 318. What is the tens digit of t?
9
Let w = -7 + 10. Suppose w*y = y + 28. What is the tens digit of y?
1
Suppose 3*g = 2*v - 16, 0 = 2*v + g + 3 - 11. Suppose -3*p + v*d = -15, 0 = -p + 3*d + 7 - 2. Suppose -3*j + 1 = -p. What is the units digit of j?
2
Let l(i) be the second derivative of i**4/12 - i**3 + 9*i**2/2 - 2*i. Let f be (-6)/(-3) + 4*1. What is the units digit of l(f)?
9
Suppose 0 = 3*m + 2*m - 80. Suppose -m*u + 14*u + 28 = 0. What is the units digit of u?
4
Let m = 142 + -87. What is the units digit of m?
5
Let q = 16 - -215. What is the units digit of q?
1
Let b be ((-14)/(-8))/((-3)/(-12)). Let o = -13 + b. Let s = o + 9. What is the units digit of s?
3
Suppose 3 - 2 = q + 2*k, -3*q - 17 = -4*k. What is the units digit of 12*3/2 + q?
5
Suppose c = -4*c + 15. Let r be (-59)/(-2) - c/(-6). Suppose 4*w - r = -10. What is the units digit of w?
5
Suppose r + 6 = x, 4*x + 5*r + 0 + 3 = 0. Suppose x*s + 4 = 4*s. What is the units digit of s/5*(25 + 0)?
0
Let p(c) = c**2 - 4*c + 3. Let n be (-1 + 3)*2 + 0. What is the units digit of p(n)?
3
What is the units digit of (-180)/(-20)*(-7)/(-3)?
1
Let k(r) be the second derivative of r**5/20 - 5*r**4/12 + r**3/6 - r**2 - 2*r. Let h be k(5). Let y = h + 12. What is the tens digit of y?
1
Suppose -3*w = -7*w + 12. Let o(u) = 2*u**2 + 6 + 2*u**3 - u**3 - u + w*u**2. What is the tens digit of o(-5)?
1
Suppose 0 = -q + 5*j + 40, -4*j - 96 - 68 = -3*q. What is the tens digit of q?
6
Suppose 0 = 4*a - 0*a - 8. Suppose 0*y - 22 = -a*y. Let s = -1 + y. What is the tens digit of s?
1
Let r(y) = -y**2 + 3*y + 2. Let g be r(-2). Let x be 690/g - (-2)/8. What is the units digit of x/(-8) - (-1)/4?
1
Suppose -1 = 4*l - 9. Suppose -16 = -2*p - 2*p, -3*m = -l*p + 2. Suppose -m*g + 1 = s, -s - 4*g + 8*g = -31. What is 